se 12, what is 185 - 4a884?
-4a6bb
In base 10, what is -20 + 1941201?
1941181
In base 12, what is 25b1 + -2581?
30
In base 14, what is a + 83461c?
834628
In base 2, what is 10 - -10111111010100001001010?
10111111010100001001100
In base 10, what is -27 - 10040344?
-10040371
In base 16, what is -4e42 - ab?
-4eed
In base 4, what is -12323230 - -13212?
-12310012
In base 7, what is 3 - -120033053?
120033056
In base 16, what is -37 - fd7c?
-fdb3
In base 4, what is 10130123 + 11020?
10201203
In base 10, what is -9 - 19429618?
-19429627
In base 10, what is 5 - 162979404?
-162979399
In base 6, what is -2 + -341501315?
-341501321
In base 5, what is 443324 - 1013?
442311
In base 12, what is -1b848879 + 1?
-1b848878
In base 3, what is -1022100202221 + -202?
-1022100210200
In base 16, what is 35ab0fd + -5?
35ab0f8
In base 14, what is 1094 - 229a3?
-2190d
In base 9, what is 5 + 2501722?
2501727
In base 2, what is -110100011010100 - 1010100111111?
-111111000010011
In base 12, what is -79a3 - -3801?
-41a2
In base 4, what is 11 + 101131202103?
101131202120
In base 13, what is -113996b + 3?
-1139968
In base 3, what is 1011 + 121120210?
121121221
In base 8, what is 2022667 - 16?
2022651
In base 6, what is -12432250 + -11?
-12432301
In base 14, what is 10c9128 + 4?
10c912c
In base 7, what is 115 + 2516401?
2516516
In base 11, what is 20a64 - 95?
2097a
In base 8, what is 320 + 465731?
466251
In base 11, what is 172a59 + 52?
173000
In base 6, what is 1043 + -1435452?
-1434405
In base 9, what is -1802 - 55?
-1857
In base 5, what is 4 - 1023214133301?
-1023214133242
In base 5, what is -204304422 + -30?
-204310002
In base 5, what is 22421240331 + -13?
22421240313
In base 13, what is -4a2 + -65a82?
-66254
In base 11, what is 20a0 + -26137?
-24047
In base 10, what is -17181 + 1512?
-15669
In base 8, what is 3630 - -44000?
47630
In base 14, what is -62 - 151ab1?
-151b33
In base 3, what is -21211 - 12202120210?
-12202212121
In base 14, what is 1 - -46ac07?
46ac08
In base 2, what is 110111 + -1000100011110101011?
-1000100011101110100
In base 14, what is 2 + -56a68d?
-56a68b
In base 8, what is -455510 + 256?
-455232
In base 12, what is 86b1b + -11?
86b0a
In base 11, what is 1226a2 - -43?
122735
In base 4, what is 120201220231 + 1?
120201220232
In base 8, what is -25 - 26442501?
-26442526
In base 5, what is -223 + 1000410123?
1000404400
In base 10, what is 1447 + 1096?
2543
In base 12, what is -8a56 + -2aab?
-b945
In base 13, what is 1ca7712 + 3?
1ca7715
In base 9, what is -1445863 + 823?
-1445040
In base 5, what is 10020144240 + -10?
10020144230
In base 10, what is -2711 + 6450?
3739
In base 15, what is 24 - 360667?
-360643
In base 3, what is 102221 + -2002212102?
-2002102111
In base 11, what is -11355a - 1?
-113560
In base 8, what is 3 - -162261151?
162261154
In base 15, what is -848 + 416e?
3826
In base 14, what is 52ca55a - b?
52ca54d
In base 7, what is 0 - 2633446?
-2633446
In base 6, what is -22122223 - 155?
-22122422
In base 3, what is -221011210 - 102121011?
-1100202221
In base 11, what is -5427924 + -7?
-5427930
In base 16, what is 2 + df8443?
df8445
In base 7, what is -5444042 + -1021?
-5445063
In base 14, what is -6 - 73574b?
-735753
In base 2, what is -10011011 - 10110100110010001?
-10110101000101100
In base 12, what is 1b91 + -a74a2?
-a5511
In base 2, what is 1110100111111101001101 + 1011?
1110100111111101011000
In base 10, what is 5 + -14726196?
-14726191
In base 7, what is 12 + -645424155?
-645424143
In base 5, what is -1313242103 - 2?
-1313242110
In base 15, what is -3d - 68d894?
-68d8d2
In base 5, what is 4023430 - 1214?
4022211
In base 3, what is 20221002020012 + -120?
20221002012122
In base 10, what is -14072870 - 3?
-14072873
In base 16, what is 168d + 932?
1fbf
In base 6, what is -53 + -141130321?
-141130414
In base 11, what is 1389452 - -a8?
138954a
In base 11, what is 2509 - -788?
3196
In base 11, what is -105 + 5980a15?
5980910
In base 15, what is -5dd5ae - 2b?
-5dd5da
In base 16, what is -45391 - -70?
-45321
In base 3, what is 22 - 20000110021000222?
-20000110021000200
In base 16, what is -89b + 51a4?
4909
In base 11, what is 166 + -202aa?
-20144
In base 15, what is -3 + -1b5ec9?
-1b5ecc
In base 8, what is -3412 - -651053?
645441
In base 11, what is -1aa27580 - 1?
-1aa27581
In base 4, what is 2 - 3213103200003?
-3213103200001
In base 13, what is 4 - 28009c7?
-28009c3
In base 8, what is 0 + 27405574?
27405574
In base 14, what is -2 + -1da85da?
-1da85dc
In base 12, what is ba1 - -24136?
25117
In base 6, what is -44 - -101424413?
101424325
In base 3, what is 22200 - 112100200101?
-112100100201
In base 13, what is -1441520 - 4?
-1441524
In base 6, what is -5340232253 - -3?
-5340232250
In base 7, what is 15134315 - 106?
15134206
In base 11, what is -28706 - -58?
-28659
In base 12, what is 42 + 1214a8?
12152a
In base 4, what is 3201323 + -10002?
3131321
In base 7, what is -11 - -12511605?
12511564
In base 14, what is -7 - 11183d?
-111846
In base 11, what is 0 + -2971a952?
-2971a952
In base 10, what is -218992069 - 0?
-218992069
In base 15, what is -4b - -392b8?
3926c
In base 11, what is 3523302 - 4?
35232a9
In base 15, what is -4638 - -b8a1?
7268
In base 8, what is -4 + 24172152?
24172146
In base 4, what is -101 + 2001222330120?
2001222330013
In base 9, what is 0 + -11283542?
-11283542
In base 6, what is 5025435 - -5355?
5035234
In base 15, what is -189 + -68a8?
-6a42
In base 10, what is 69 + -18142534?
-18142465
In base 9, what is 105 + 136103?
136208
In base 10, what is 2323 - -706?
3029
In base 12, what is -65b23 + -124?
-66047
In base 14, what is aa0 + -1298?
-5d8
In base 8, what is -30340 - 4752?
-35312
In base 4, what is -313110331200 + 10?
-313110331130
In base 5, what is -12 + 104204212?
104204200
In base 10, what is -7 - 114542647?
-114542654
In base 4, what is -22200303020313 - -1?
-22200303020312
In base 14, what is 36 + -25dc15?
-25dbbd
In base 6, what is -213442 - -20103?
-153335
In base 12, what is 1a69 - 7bab?
-6142
In base 13, what is 12 + 3c52a5?
3c52b7
In base 13, what is -6644b + -9?
-66457
In base 12, what is -38096b753 - -5?
-38096b74a
In base 2, what is 10000010011111110 - 1011110100?
10000001000001010
In base 7, what is 22020 + -150?
21540
In base 10, what is 3444875 - 2?
3444873
In base 6, what is -114140401430 - 0?
-114140401430
In base 11, what is -1120a - 810a?
-19319
In base 3, what is 2220 + 100102122012222?
100102122022212
In base 13, what is -33c4 - -2573?
-b51
In base 7, what is 60452034 - -4?
60452041
In base 3, what is -1210 - -21201011102000?
21201011100020
In base 15, what is 4 - dc1aed0?
-dc1aecb
In base 6, what is -2425 + -34153?
-41022
In base 8, what is 0 + 203054320?
203054320
In base 5, what is -100322420 - -3144?
-100314221
In base 4, what is 1302220121 + -1?
1302220120
In base 5, what is -322 + 141422310?
141421433
In base 12, what is -4 + 409845b3?
409845ab
In base 3, what is -2220210202 - -1200?
-2220202002
In base 10, what is 412761412 - 3?
412761409
In base 12, what is -9472 + 1075?
-83b9
In base 5, what is 234 - 23221010?
-23220221
In base 15, what is 1b + 8ceb2d?
8ceb49
In base 7, what is -54302 + 642?
-53330
In base 8, what is 53612047 + -14?
53612033
In base 13, what is 56819 - -14?
56830
In base 2, what is 10011110010000111001011010 + 0?
10011110010000111001011010
In base 11, what is 3 - 1a280857?
-1a280854
In base 5, what is 41422 - 2201243?
-2104321
In base 14, what is 382a + -11a3?
2667
In base 9, what is -6830 - -1176?
-5643
In base 3, what is -2 + 111020021020210120?
111020021020210111
In base 7, what is -1426 - 4041646?
-4043405
In base 4, what is 3002310 + -112010?
2230300
In base 16, what is 143933a - 1?
1439339
In base 7, what is 2 + -41335564?
-41335562
In base 9, what is -5 + -411388003?
-411388008
In base 12, what is 519 + a5a1?
aaba
In base 10, what is -493081641 + 4?
-493081637
In base 5, what is 2 - -2212403130?
2212403132
In base 2, what is -1000111010111011110000100 - 10?
-1000111010111011110000110
In base 10, what is -37 - -192560?
192523
In base 15, what is -182db72 - -4?
-182db6d
In base 15, what is 8 - 1a679e?
-1a6796
In base 15, what is -1bb287 - 161?
-1bb3e8
In base 14, what is 406a + 1d945?
239b1
In base 7, what is 522 + 265320?
266142
In base 5, what is -4110 - -1004323?
100